ts digit of 1665219777?
7
What is the millions digit of 5401603263?
1
What is the thousands digit of 1010741389?
1
What is the thousands digit of 10139056?
9
What is the hundreds digit of 24327411?
4
What is the thousands digit of 440560128?
0
What is the millions digit of 42542120?
2
What is the ten millions digit of 810915241?
1
What is the thousands digit of 18969923?
9
What is the ten millions digit of 140835886?
4
What is the thousands digit of 30254429?
4
What is the hundreds digit of 1815245799?
7
What is the ten thousands digit of 77819371?
1
What is the thousands digit of 2487215831?
5
What is the ten millions digit of 2079654356?
7
What is the hundred thousands digit of 94598203?
5
What is the hundreds digit of 131906375?
3
What is the tens digit of 1671751104?
0
What is the ten thousands digit of 2904296625?
9
What is the tens digit of 1571955918?
1
What is the tens digit of 44006087?
8
What is the hundreds digit of 3360379777?
7
What is the hundreds digit of 126290175?
1
What is the tens digit of 3610052?
5
What is the tens digit of 185849481?
8
What is the ten millions digit of 26469280?
2
What is the hundreds digit of 167764633?
6
What is the hundred thousands digit of 49030298?
0
What is the ten millions digit of 2974713488?
7
What is the thousands digit of 1126721221?
1
What is the hundreds digit of 24427341?
3
What is the ten millions digit of 4555263571?
5
What is the hundred millions digit of 215916972?
2
What is the tens digit of 46424420?
2
What is the tens digit of 27918027?
2
What is the hundred thousands digit of 49958828?
9
What is the tens digit of 659815881?
8
What is the units digit of 7334129780?
0
What is the millions digit of 1860250398?
0
What is the hundred millions digit of 366865829?
3
What is the thousands digit of 84519164?
9
What is the hundreds digit of 14821641?
6
What is the tens digit of 548008305?
0
What is the thousands digit of 14836894?
6
What is the billions digit of 5728515914?
5
What is the thousands digit of 103450348?
0
What is the tens digit of 32742746?
4
What is the hundreds digit of 1015247911?
9
What is the hundred thousands digit of 283900908?
9
What is the millions digit of 31632512?
1
What is the hundreds digit of 195195580?
5
What is the billions digit of 2986657209?
2
What is the hundred thousands digit of 253373332?
3
What is the units digit of 511472784?
4
What is the units digit of 142571427?
7
What is the hundreds digit of 1315670566?
5
What is the tens digit of 47899704?
0
What is the tens digit of 3303819689?
8
What is the thousands digit of 12325571?
5
What is the hundreds digit of 231115845?
8
What is the units digit of 107673932?
2
What is the hundreds digit of 49918649?
6
What is the hundred millions digit of 136548900?
1
What is the ten thousands digit of 1245083362?
8
What is the tens digit of 7433209534?
3
What is the thousands digit of 1266833493?
3
What is the hundred millions digit of 275090599?
2
What is the hundred millions digit of 1412233018?
4
What is the thousands digit of 298894880?
4
What is the hundred thousands digit of 100305702?
3
What is the thousands digit of 115172351?
2
What is the hundreds digit of 419575733?
7
What is the hundred thousands digit of 2143179852?
1
What is the hundreds digit of 3985139989?
9
What is the hundred millions digit of 1079130880?
0
What is the hundreds digit of 157023548?
5
What is the units digit of 152277503?
3
What is the millions digit of 226544282?
6
What is the units digit of 52320633?
3
What is the millions digit of 4269739?
4
What is the tens digit of 135186126?
2
What is the tens digit of 56353529?
2
What is the thousands digit of 43370456?
0
What is the hundred thousands digit of 25823062?
8
What is the ten millions digit of 836205311?
3
What is the ten thousands digit of 9795275?
9
What is the tens digit of 20292614?
1
What is the units digit of 1391943472?
2
What is the ten thousands digit of 1793640825?
4
What is the millions digit of 68031675?
8
What is the tens digit of 1530592460?
6
What is the tens digit of 65617941?
4
What is the hundred thousands digit of 30984865?
9
What is the hundreds digit of 112273635?
6
What is the hundreds digit of 421366177?
1
What is the tens digit of 49459577?
7
What is the tens digit of 496928006?
0
What is the tens digit of 395410466?
6
What is the hundred millions digit of 625174324?
6
What is the hundreds digit of 268146531?
5
What is the hundred thousands digit of 1257193870?
1
What is the tens digit of 1232234397?
9
What is the units digit of 334028628?
8
What is the tens digit of 648167332?
3
What is the hundreds digit of 2151564?
5
What is the ten thousands digit of 1128902521?
0
What is the ten thousands digit of 101661796?
6
What is the units digit of 31521594?
4
What is the hundred millions digit of 744797356?
7
What is the tens digit of 46938849?
4
What is the ten millions digit of 369222777?
6
What is the millions digit of 20400472?
0
What is the thousands digit of 68820974?
0
What is the millions digit of 729340707?
9
What is the ten thousands digit of 98357546?
5
What is the hundred thousands digit of 333435768?
4
What is the thousands digit of 2431665390?
5
What is the tens digit of 13114213?
1
What is the thousands digit of 85135683?
5
What is the hundred millions digit of 2731139384?
7
What is the ten thousands digit of 44384431?
8
What is the hundred millions digit of 226709379?
2
What is the units digit of 165624365?
5
What is the thousands digit of 447670982?
0
What is the ten thousands digit of 38770521?
7
What is the ten millions digit of 21826330?
2
What is the billions digit of 4343773144?
4
What is the units digit of 1456005141?
1
What is the thousands digit of 1612433?
2
What is the hundreds digit of 244092125?
1
What is the thousands digit of 1114746604?
6
What is the billions digit of 1425478842?
1
What is the units digit of 17454846?
6
What is the hundred millions digit of 325864776?
3
What is the thousands digit of 1143828241?
8
What is the thousands digit of 5250708440?
8
What is the millions digit of 40245940?
0
What is the hundreds digit of 127041229?
2
What is the hundreds digit of 22353374?
3
What is the millions digit of 27030693?
7
What is the units digit of 345233886?
6
What is the ten millions digit of 8426139125?
2
What is the millions digit of 115714003?
5
What is the millions digit of 169370930?
9
What is the ten thousands digit of 213363264?
6
What is the hundreds digit of 491967317?
3
What is the hundred millions digit of 139188103?
1
What is the tens digit of 1021573248?
4
What is the ten thousands digit of 19472106?
7
What is the hundred millions digit of 660256966?
6
What is the millions digit of 31972601?
1
What is the tens digit of 71134742?
4
What is the millions digit of 5991286087?
1
What is the ten thousands digit of 243601989?
0
What is the thousands digit of 271588659?
8
What is the thousands digit of 25165763?
5
What is the ten thousands digit of 57026429?
2
What is the hundred millions digit of 1002773721?
0
What is the tens digit of 512023599?
9
What is the units digit of 13330561?
1
What is the thousands digit of 357653134?
3
What is the hundred millions digit of 126059087?
1
What is the thousands digit of 106061322?
1
What is the thousands digit of 144811190?
1
What is the hundred thousands digit of 2822444653?
4
What is the ten millions digit of 1383063356?
8
What is the ten millions digit of 134957666?
3
What is the hundred millions digit of 367456772?
3
What is the hundreds digit of 354314222?
2
What is the units digit of 5398806642?
2
What is the hundreds digit of 42886144?
1
What is the hundred thousands digit of 23204799?
2
What is the tens digit of 60499703?
0
What is the units digit of 434162179?
9
What is the ten millions digit of 61380701?
6
What is the ten millions digit of 2287616073?
8
What is the tens digit of 1084783357?
5
What is the tens digit of 48130842?
4
What is the ten millions digit of 547457225?
4
What is the millions digit of 1154054410?
4
What is the thousands digit of 482230861?
0
What is the hundreds digit of 3752566607?
6
What is the ten millions digit of 2400252980?
0
What is the ten thousands digit of 2307432379?
3
What is the ten thousands digit of 272262554?
6
What is the thousands d